emainder when i is divided by 122.
119
Suppose 5*i - 39 = 4*i. What is the remainder when (7 - 9) + 3 - 74/(-1) is divided by i?
36
Suppose -62*w = -68*w + 462. Suppose 0 = -4*c - w + 301. What is the remainder when c is divided by 10?
6
Suppose 683*t - 671*t = 9792. Calculate the remainder when t is divided by 163.
1
Suppose 5*u + 6*l - 45 = 0, 4*u = -5*l + 33 + 4. Suppose -u*g - 26*g = -1508. Calculate the remainder when g is divided by 6.
4
Let h = -14 - -92. Suppose -78*r + 22*r + 1456 = 0. What is the remainder when h is divided by r?
0
Suppose -3*l - 3*w = -261 + 102, -3*l + 3*w + 159 = 0. Let c be (46/3)/(-1*(-12)/18). Let t = 44 - c. What is the remainder when l is divided by t?
11
Let t = 17 + -12. Let l = 3173 - 3170. Calculate the remainder when t is divided by l.
2
Let z(k) = 26*k**2 - 170*k + 3. What is the remainder when z(19) is divided by 220?
219
Suppose 3*a = 4*p + 884, -3*a = p - 1145 + 241. Calculate the remainder when a is divided by 59.
5
What is the remainder when 641 is divided by 5/(5 - (-52)/(-36) - 3)?
2
Let g(z) = 2*z**2 - 27*z - 155. Calculate the remainder when 7341 is divided by g(19).
51
Suppose -93225 = -48*j + 3303. Calculate the remainder when j is divided by 65.
61
Let j(p) = 9*p**2 + p + 1. Suppose -3*c + 18 = 3*t, 33*t + 8 = 35*t. What is the remainder when j(c) is divided by 20?
19
Suppose 6*t - 11*t = -3*h - 14, 0 = -3*h - 3*t + 18. What is the remainder when 377 - ((h - 3) + 4) is divided by 42?
38
Let z(a) = -21*a - 474. Let k be z(-26). Let q be 1/((2 + 0)/(-140)). Let y = q + k. What is the remainder when 9 is divided by y?
1
Suppose y - 16 = -3*b, -4*y - y + 8 = 3*b. Let g be 2/(-9) + 319/99. Suppose 8*p - 5*p = g*v - 60, -v + 23 = -2*p. What is the remainder when v is divided by b?
5
Let c be (-540549)/136 + 6/(-16). Calculate the remainder when 16/6*(c/4)/(-25) is divided by 12.
10
Let n be 1/(-2)*(-12 + 0). Suppose 0 = l + 2*x + 88, n*x + 464 = -5*l + 2*x. Let d = l + 100. What is the remainder when 8 is divided by d?
0
What is the remainder when 468 is divided by 0 + 24/3 + (-108 - -219)?
111
Let s(g) = -g**3 + 18*g**2 - 71*g + 126. What is the remainder when 2573 is divided by s(8)?
197
Suppose 3*j + 4 = 4*b + 7*j, 0 = b - 5*j - 49. Let z = 173 + -85. Calculate the remainder when z is divided by b.
7
Let z = 4692 + -4665. Calculate the remainder when 170 is divided by z.
8
Let r = -1630 + 1650. Calculate the remainder when 3299 is divided by r.
19
Suppose 0 = 8*n - 13*n + 6640. Suppose 3335 = 5*k - 2*b, -5*k + 2*b = -3*k - n. Calculate the remainder when k is divided by 56.
53
Calculate the remainder when (-18123)/(-91) - ((-111)/39 - -3) is divided by 38.
9
Let f = 196 + -109. Suppose 3*w + 191 = q, -q + 2*w - 9 = -194. Calculate the remainder when q is divided by f.
86
Let x = 514 + -522. What is the remainder when 71 is divided by (52/(-3))/(x/12)?
19
Suppose 5543 + 3833 = 16*h. What is the remainder when h is divided by 197?
192
Suppose 0 = -4*q + 2*s - 28, 3*q + 4*s = s - 39. Let v = q + 11. Suppose v*b - 96 = -2*b. What is the remainder when 69 is divided by b?
21
Suppose 29 - 637 = -4*z. Suppose 3*f - z = -f. Suppose 5*a = 2*d - 16, -d - 4*a = -26 + 5. What is the remainder when f is divided by d?
12
Suppose 5*i = 63 - 23. Suppose -i*a = -7*a - 31. What is the remainder when 276 is divided by a?
28
Suppose -417*p - 36 = -426*p. Calculate the remainder when 195 is divided by p.
3
What is the remainder when ((-1)/(3/2463))/(196 - 197) is divided by 25?
21
Let d = 183 - 183. Calculate the remainder when 60 is divided by (108/3)/(d + 4 + -2).
6
Let l = -54836 + 54997. Suppose 2*k + 3*m - 63 = 0, 4*k - 5*m - 91 = -4*m. Calculate the remainder when l is divided by k.
17
Suppose -4*i = -4*f + 5748, i - 1 + 2 = 0. What is the remainder when f is divided by 17?
8
Let d = 18155 - 18113. What is the remainder when 2734 is divided by d?
4
Suppose -9*t - 830 = -1375 - 2767. What is the remainder when t is divided by 83?
36
Suppose 4*h - 28 = 4*m - m, m = -4. Suppose -h*x - 5*x + 450 = 0. Suppose 0 = -3*o + 106 + x. Calculate the remainder when o is divided by 20.
12
Suppose 153*k - 146*k - 28 = 0. Suppose k*j = -2*s + 6*s - 136, 156 = 4*s + j. Calculate the remainder when 103 is divided by s.
27
Suppose -705 = 2*p + p. Let d = -80 - p. What is the remainder when d is divided by 2 + (-503)/(-10) - (-1581)/(-5270)?
51
Let f(t) = t**2 + 34*t + 96. Let r be 528/42 + 3/7. Suppose -s + 3 = -r. Calculate the remainder when s is divided by f(-31).
1
Let d(k) = -2 + 17*k**2 + 7*k**2 - 20 - k**3 + 38*k. Calculate the remainder when d(25) is divided by 51.
48
Let a = -14 + 42. Let x = -10650 + 10660. Calculate the remainder when a is divided by x.
8
Suppose 5*v + 21*u - 52239 = 20*u, -2*v + 2*u = -20886. Calculate the remainder when v is divided by 268.
263
Suppose 5*u = -48*t + 52*t - 5902, 5*u + 4429 = 3*t. What is the remainder when t is divided by 31?
16
Let c = 100 - 101. Let k(g) = -g**2 - 33*g - 4. What is the remainder when k(-27) is divided by ((-15)/(-12))/(c + (-33)/(-32))?
38
Suppose 0 = 322*o - 120*o - 30906. Calculate the remainder when 915 is divided by o.
150
Suppose -4*o + 13*o - 23*o + 756 = 0. Suppose 2*c - 5*v - 5 = 0, 0 = -5*v + 2*v + 15. What is the remainder when o is divided by c?
9
Let y = -80 - -76. Let f = 23 + y. Let s = -82 + 116. Calculate the remainder when s is divided by f.
15
Suppose u + 0*u - 686 - 134 = 0. Calculate the remainder when u is divided by 117.
1
Let g(d) = 3*d**2 + 177*d - 358. Calculate the remainder when (-2)/(-1 - 17/(-19)) is divided by g(2).
3
Suppose -5*k = -2*b + 364, -2*b + 364 = -7*k + 4*k. Suppose -2*s = -298 - b. Suppose 0 = -7*x + 537 + s. What is the remainder when x is divided by 16?
15
Let r be -2*1*3*892/(-24). Let u = r + -216. Calculate the remainder when 18 is divided by u.
4
Suppose 5*f - 35 = 3*s - 147, -3*s = -6*f - 117. Suppose 0*t = 5*k - 2*t - 295, 4*t = -5*k + 265. Calculate the remainder when k is divided by s.
28
Let i be (-40)/(-12)*(-3)/(-2). Suppose -1456 = -11*y - i*y. Calculate the remainder when y is divided by 48.
43
Suppose -51*v - 76*v + 535*v = 2353344. What is the remainder when v is divided by 12?
8
Let h = -860 - -1132. What is the remainder when h is divided by 11?
8
Suppose 0*c + 103 = a - c, -a + 3*c + 111 = 0. Suppose 0*m + 7*m + 399 = 0. Let s = m + a. What is the remainder when s is divided by 11?
9
Suppose -43*g = -36*g + 28. Suppose 0 = m - 15 - 21. Calculate the remainder when m is divided by ((-1140)/(-18))/5*(-6)/g.
17
Let g be (-10)/(-15)*(4 + 959). Suppose 3*v - g = 4*i - 119, -4*i = -2*v + 346. What is the remainder when v is divided by 46?
39
Let i(b) = 1311*b + 63. What is the remainder when i(4) is divided by 177?
174
Suppose -34 + 21 = -y. Let q(n) = n**2 - 4*n - 7. What is the remainder when q(-5) is divided by y?
12
Calculate the remainder when 3*(-4)/(-16)*(-6560)/(-60) is divided by 76.
6
Let a(z) = -2*z**2 - 124*z - 161. Calculate the remainder when a(-59) is divided by 101.
92
Suppose -53*i + 48*i + 205 = 0. Suppose 2*n - i + 15 = 0. What is the remainder when n is divided by (-3)/6*-1*6?
1
Suppose 3*z + 732 - 9954 = -26*z. What is the remainder when z is divided by 15?
3
Let l be (42/12)/(-7)*-34. Let p = l - -88. Let f(n) = -4*n + 8. What is the remainder when p is divided by f(-7)?
33
Let a = 91202 + -91164. Let f(b) = 27*b - 5. What is the remainder when f(7) is divided by a?
32
Let t be 0/((-15)/9 + 7/(-21)). Suppose 5*g + 92*q - 88*q - 415 = t, 4*q = 4*g - 368. Calculate the remainder when 346 is divided by g.
85
Suppose -50 - 130 = 5*q. Suppose 2*b - 49 = r, 4*r + 4*b + 138 = -22. Let k = q - r. Calculate the remainder when 41 is divided by k.
6
Let j(t) = 5*t**2 + 11*t + 66. Let z(q) = q**3 + 3*q**2 + 7*q + 37. Let v be z(-4). What is the remainder when j(v) is divided by 10?
4
Let n(x) = 2*x**2 + 36*x - 245. Let s be n(6). Suppose 3*i + 14 = -13. Let t = i + s. What is the remainder when t is divided by 7?
6
Let j(z) = -2*z**3 + 4*z**2 + 31*z + 7. Suppose 0*i = -4*v - 3*i + 26, 20 = 2*v + 5*i. Calculate the remainder when 78 is divided by j(v).
6
Suppose 5*q = 5*g + 1100, 2*q + 301*g = 302*g + 441. Calculate the remainder when 722 is divided by q.
59
Suppose 3*u - 335 = 142*m - 144*m, -